{"id":158,"date":"2024-09-04T23:50:24","date_gmt":"2024-09-04T23:50:24","guid":{"rendered":"https:\/\/niraakademi.com\/?page_id=158"},"modified":"2024-09-19T21:12:20","modified_gmt":"2024-09-19T21:12:20","slug":"dijital-pazarlama-danismanligi","status":"publish","type":"page","link":"https:\/\/niraakademi.com\/index.php\/dijital-pazarlama-danismanligi\/","title":{"rendered":"Dijital Pazarlama Dan\u0131\u015fmanl\u0131\u011f\u0131"},"content":{"rendered":"\n<figure class=\"wp-block-image alignwide size-large\"><img fetchpriority=\"high\" decoding=\"async\" width=\"1024\" height=\"536\" src=\"https:\/\/niraakademi.com\/wp-content\/uploads\/2024\/09\/dmc-1024x536.jpg\" alt=\"\" class=\"wp-image-734\" srcset=\"https:\/\/niraakademi.com\/wp-content\/uploads\/2024\/09\/dmc-1024x536.jpg 1024w, https:\/\/niraakademi.com\/wp-content\/uploads\/2024\/09\/dmc-300x157.jpg 300w, https:\/\/niraakademi.com\/wp-content\/uploads\/2024\/09\/dmc-768x402.jpg 768w, https:\/\/niraakademi.com\/wp-content\/uploads\/2024\/09\/dmc.jpg 1200w\" sizes=\"(max-width: 1024px) 100vw, 1024px\" \/><\/figure>\n\n\n\n<p class=\"has-text-align-left has-small-font-size\">G\u00fcn\u00fcm\u00fcz i\u015f d\u00fcnyas\u0131nda, dijital pazarlama stratejileri markalar\u0131n ba\u015far\u0131s\u0131 i\u00e7in kritik bir rol<\/p>\n\n\n\n<p class=\"has-text-align-left has-small-font-size\">oynamaktad\u0131r. Rekabetin her ge\u00e7en g\u00fcn artt\u0131\u011f\u0131 bu ortamda, do\u011fru stratejilerle hedef kitlenize<\/p>\n\n\n\n<p class=\"has-text-align-left has-small-font-size\">ula\u015fmak, marka bilinirli\u011finizi art\u0131rmak ve sat\u0131\u015flar\u0131n\u0131z\u0131 y\u00fckseltmek i\u00e7in dijital pazarlama<\/p>\n\n\n\n<p class=\"has-text-align-left has-small-font-size\">dan\u0131\u015fmanl\u0131\u011f\u0131 hizmetimizle yan\u0131n\u0131zday\u0131z.<\/p>\n\n\n\n<p class=\"has-text-align-left has-small-font-size\"><strong>Neden Dijital Pazarlama Dan\u0131\u015fmanl\u0131\u011f\u0131?<\/strong><\/p>\n\n\n\n<p class=\"has-text-align-left has-small-font-size\">Dijital pazarlama, yaln\u0131zca bir web sitesine sahip olmakla s\u0131n\u0131rl\u0131 de\u011fildir. Sosyal medya, arama<\/p>\n\n\n\n<p class=\"has-text-align-left has-small-font-size\">motoru optimizasyonu (SEO), i\u00e7erik pazarlamas\u0131, e-posta pazarlamas\u0131 ve daha bir\u00e7ok alan\u0131<\/p>\n\n\n\n<p class=\"has-text-align-left has-small-font-size\">kapsamaktad\u0131r. Her biri kendi i\u00e7inde uzmanl\u0131k gerektiren bu alanlarda etkili bir strateji geli\u015ftirmek,<\/p>\n\n\n\n<p class=\"has-text-align-left has-small-font-size\">zaman al\u0131c\u0131 ve karma\u015f\u0131k olabilir. \u0130\u015fte bu noktada dijital pazarlama dan\u0131\u015fmanl\u0131\u011f\u0131 devreye girer.<\/p>\n\n\n\n<h2 class=\"wp-block-heading\"><strong>Hizmetlerimiz<\/strong><\/h2>\n\n\n\n<p>1. <strong>Stratejik Planlama<\/strong><\/p>\n\n\n\n<p>Hedeflerinizi belirlemek ve marka kimli\u011finizi olu\u015fturmak i\u00e7in kapsaml\u0131 bir analiz yap\u0131yoruz.<\/p>\n\n\n\n<p>Rakiplerinizi inceleyerek, g\u00fc\u00e7l\u00fc ve zay\u0131f y\u00f6nlerinizi belirliyor, \u00f6zelle\u015ftirilmi\u015f bir dijital pazarlama<\/p>\n\n\n\n<p>stratejisi geli\u015ftiriyoruz.<\/p>\n\n\n\n<p>2. <strong>SEO ve \u0130\u00e7erik Pazarlamas\u0131<\/strong><\/p>\n\n\n\n<p><strong>A<\/strong>rama motorlar\u0131nda g\u00f6r\u00fcn\u00fcrl\u00fc\u011f\u00fcn\u00fcz\u00fc art\u0131rmak i\u00e7in SEO stratejileri olu\u015fturuyoruz. Kaliteli i\u00e7erikler<\/p>\n\n\n\n<p>ile hedef kitlenizi \u00e7ekiyor, organik trafik elde etmenizi sa\u011fl\u0131yoruz.<\/p>\n\n\n\n<p>3. <strong>Sosyal Medya Y\u00f6netimi<\/strong><\/p>\n\n\n\n<p>Hedef kitlenizle etkile\u015fim kurmak i\u00e7in etkili sosyal medya stratejileri geli\u015ftiriyoruz. \u0130\u00e7erik<\/p>\n\n\n\n<p>takvimleri olu\u015fturarak, markan\u0131z\u0131n sesi ve imaj\u0131 \u00fczerinde \u00e7al\u0131\u015f\u0131yoruz.<\/p>\n\n\n\n<p>4. <strong>Reklam Y\u00f6netimi<\/strong><\/p>\n\n\n\n<p>Dijital reklamc\u0131l\u0131k, hedef kitlenize ula\u015fman\u0131n h\u0131zl\u0131 bir yoludur. Google Ads, Facebook Ads Meta<\/p>\n\n\n\n<p>gibi platformlarda etkili kampanyalar olu\u015fturarak, en iyi sonu\u00e7lar\u0131 elde etmenizi sa\u011fl\u0131yoruz.<\/p>\n\n\n\n<p>5. <strong>Veri Analizi ve Raporlama<\/strong><\/p>\n\n\n\n<p>Kampanyalar\u0131n\u0131z\u0131n performans\u0131n\u0131 s\u00fcrekli izleyerek, hangi stratejilerin i\u015fe yarad\u0131\u011f\u0131n\u0131 belirliyoruz.<\/p>\n\n\n\n<p>Raporlamalar ile elde etti\u011fimiz verileri sizinle payla\u015f\u0131yor, stratejilerimizi gerekti\u011finde<\/p>\n\n\n\n<p>g\u00fcncelliyoruz.<\/p>\n\n\n\n<h2 class=\"wp-block-heading\"><strong>Neden Biz?<\/strong><\/h2>\n\n\n\n<p><strong>1. Uzman Ekip<\/strong><\/p>\n\n\n\n<p>Bizimle \u00e7al\u0131\u015farak, alan\u0131nda uzman bir ekipten destek al\u0131rs\u0131n\u0131z. Dijital pazarlama, SEM ve SEO,<\/p>\n\n\n\n<p>sosyal medya, web tasar\u0131m (UX, UI), i\u00e7erik pazarlama konularda derinlemesine bilgi ve deneyimesahip profesyonellerle \u00e7al\u0131\u015farak, en g\u00fcncel stratejileri uygulama \u015fans\u0131na sahip olursunuz. Ekibimiz,<\/p>\n\n\n\n<p>s\u00fcrekli e\u011fitim ve sekt\u00f6rdeki yeniliklerle kendini g\u00fcncel tutar.<\/p>\n\n\n\n<p><strong>2. \u00d6zelle\u015ftirilmi\u015f Stratejiler<\/strong><\/p>\n\n\n\n<p>Her i\u015fletmenin kendine \u00f6zg\u00fc hedefleri, hedef kitleleri ve b\u00fct\u00e7eleri vard\u0131r. Biz, sizin ihtiya\u00e7lar\u0131n\u0131za<\/p>\n\n\n\n<p>ve hedeflerinize g\u00f6re \u00f6zelle\u015ftirilmi\u015f \u00e7\u00f6z\u00fcmleri sunarak, en etkili sonu\u00e7lar\u0131 elde etmenizi sa\u011flar\u0131z.<\/p>\n\n\n\n<p>\u0130\u015fletmenizin benzersiz dinamiklerini anlayarak, size en uygun stratejiyi geli\u015ftiriyoruz.<\/p>\n\n\n\n<p><strong>3. Sonu\u00e7 Odakl\u0131 Yakla\u015f\u0131m<\/strong><\/p>\n\n\n\n<p>Bizim i\u00e7in ba\u015far\u0131, yaln\u0131zca g\u00f6r\u00fcn\u00fcrl\u00fck de\u011fil, ayn\u0131 zamanda \u00f6l\u00e7\u00fclebilir sonu\u00e7larla ilgilidir.<\/p>\n\n\n\n<p>Hedeflerinize ula\u015fman\u0131z\u0131 sa\u011flamak i\u00e7in veriye dayal\u0131 kararlar al\u0131yor ve s\u00fcrekli olarak<\/p>\n\n\n\n<p>kampanyalar\u0131n\u0131z\u0131 optimize ediyoruz. Performans metriklerinizi dikkatlice izleyerek, neyin i\u015fe<\/p>\n\n\n\n<p>yarad\u0131\u011f\u0131n\u0131 ve hangi alanlarda geli\u015fim sa\u011flanabilece\u011fini belirliyoruz.<\/p>\n\n\n\n<p><strong>4. \u015eeffaf \u0130leti\u015fim<\/strong><\/p>\n\n\n\n<p>Sizinle s\u00fcrekli ileti\u015fim halinde kalarak, s\u00fcrecin her a\u015famas\u0131nda bilgi payla\u015f\u0131m\u0131 yap\u0131yoruz.<\/p>\n\n\n\n<p>Raporlamalar\u0131m\u0131z sayesinde, kampanyalar\u0131n\u0131z\u0131n durumu ve elde edilen sonu\u00e7lar hakk\u0131nda her<\/p>\n\n\n\n<p>zaman g\u00fcncel bilgilere sahip olursunuz. Bizimle i\u015fbirli\u011fi yaparak, her ad\u0131mda ne yapt\u0131\u011f\u0131m\u0131z\u0131<\/p>\n\n\n\n<p>g\u00f6rebilirsiniz.<\/p>\n\n\n\n<p><strong>5. Y\u00fcksek ROI (Yat\u0131r\u0131m Getirisi)<\/strong><\/p>\n\n\n\n<p>Verimlili\u011fi \u00f6n planda tutarak, b\u00fct\u00e7enizi en iyi \u015fekilde kullanman\u0131za yard\u0131mc\u0131 oluruz. Hedeflerinize<\/p>\n\n\n\n<p>uygun teklif stratejileri ile minimum maliyetle maksimum geri d\u00f6n\u00fc\u015f alman\u0131z\u0131 sa\u011flamak i\u00e7in<\/p>\n\n\n\n<p>\u00e7al\u0131\u015f\u0131yoruz. Her ad\u0131mda yat\u0131r\u0131m getirinizi art\u0131rmay\u0131 hedefliyoruz.<\/p>\n\n\n\n<p><strong>6. Yenilik\u00e7i Teknolojiler<\/strong><\/p>\n\n\n\n<p>Sekt\u00f6rdeki en son yenilikleri takip ederek, en etkili ara\u00e7lar\u0131 ve teknolojileri kullan\u0131yoruz. Geli\u015fmi\u015f<\/p>\n\n\n\n<p>analiz yaz\u0131l\u0131mlar\u0131, otomasyon ara\u00e7lar\u0131 ve veri analiz teknikleri ile kampanyalar\u0131n\u0131z\u0131 g\u00fc\u00e7lendiriyoruz.<\/p>\n\n\n\n<p>Yenilik\u00e7i \u00e7\u00f6z\u00fcmlerle rakiplerinizin bir ad\u0131m \u00f6n\u00fcnde olman\u0131z\u0131 sa\u011fl\u0131yoruz.<\/p>\n\n\n\n<p><strong>7. M\u00fc\u015fteri Memnuniyeti<\/strong><\/p>\n\n\n\n<p>M\u00fc\u015fteri memnuniyeti, bizim i\u00e7in her \u015feyden \u00f6nce gelir. \u0130\u015fbirli\u011fimiz boyunca, beklentilerinizi a\u015fmak<\/p>\n\n\n\n<p>i\u00e7in s\u00fcrekli \u00e7aba g\u00f6steriyoruz. Her ad\u0131mda size de\u011fer katmak ve i\u015f hedeflerinize ula\u015fman\u0131za<\/p>\n\n\n\n<p>yard\u0131mc\u0131 olmak i\u00e7in buraday\u0131z.<\/p>\n\n\n\n<p class=\"has-text-align-center\"><strong><em>MARKANIZI PROFESYONELERE TESL\u0130M ED\u0130N!<\/em><\/strong><\/p>\n\n\n\n<hr class=\"wp-block-separator has-alpha-channel-opacity is-style-wide\"\/>\n\n\n\n<p><\/p>\n","protected":false},"excerpt":{"rendered":"<p>G\u00fcn\u00fcm\u00fcz i\u015f d\u00fcnyas\u0131nda, dijital pazarlama stratejileri markalar\u0131n ba\u015far\u0131s\u0131 i\u00e7in kritik bir rol oynamaktad\u0131r. Rekabetin her ge\u00e7en g\u00fcn artt\u0131\u011f\u0131 bu ortamda, do\u011fru stratejilerle hedef kitlenize ula\u015fmak, marka bilinirli\u011finizi art\u0131rmak ve sat\u0131\u015flar\u0131n\u0131z\u0131 y\u00fckseltmek i\u00e7in dijital pazarlama dan\u0131\u015fmanl\u0131\u011f\u0131 hizmetimizle yan\u0131n\u0131zday\u0131z. Neden Dijital Pazarlama Dan\u0131\u015fmanl\u0131\u011f\u0131? Dijital pazarlama, yaln\u0131zca bir web sitesine sahip olmakla s\u0131n\u0131rl\u0131 de\u011fildir. Sosyal medya, arama motoru [&hellip;]<\/p>\n","protected":false},"author":1,"featured_media":0,"parent":0,"menu_order":0,"comment_status":"closed","ping_status":"closed","template":"","meta":{"_themeisle_gutenberg_block_has_review":false,"footnotes":""},"class_list":["post-158","page","type-page","status-publish","hentry"],"_links":{"self":[{"href":"https:\/\/niraakademi.com\/index.php\/wp-json\/wp\/v2\/pages\/158","targetHints":{"allow":["GET"]}}],"collection":[{"href":"https:\/\/niraakademi.com\/index.php\/wp-json\/wp\/v2\/pages"}],"about":[{"href":"https:\/\/niraakademi.com\/index.php\/wp-json\/wp\/v2\/types\/page"}],"author":[{"embeddable":true,"href":"https:\/\/niraakademi.com\/index.php\/wp-json\/wp\/v2\/users\/1"}],"replies":[{"embeddable":true,"href":"https:\/\/niraakademi.com\/index.php\/wp-json\/wp\/v2\/comments?post=158"}],"version-history":[{"count":5,"href":"https:\/\/niraakademi.com\/index.php\/wp-json\/wp\/v2\/pages\/158\/revisions"}],"predecessor-version":[{"id":741,"href":"https:\/\/niraakademi.com\/index.php\/wp-json\/wp\/v2\/pages\/158\/revisions\/741"}],"wp:attachment":[{"href":"https:\/\/niraakademi.com\/index.php\/wp-json\/wp\/v2\/media?parent=158"}],"curies":[{"name":"wp","href":"https:\/\/api.w.org\/{rel}","templated":true}]}}