{"id":115,"date":"2024-09-04T16:01:46","date_gmt":"2024-09-04T16:01:46","guid":{"rendered":"https:\/\/niraakademi.com\/?page_id=115"},"modified":"2024-09-05T16:18:00","modified_gmt":"2024-09-05T16:18:00","slug":"makaleler","status":"publish","type":"page","link":"https:\/\/niraakademi.com\/index.php\/makaleler\/","title":{"rendered":"Makaleler"},"content":{"rendered":"\n<p><\/p>\n\n\n<div class=\"is-style-boxed wp-block-themeisle-blocks-posts-grid\" id=\"wp-block-themeisle-blocks-posts-grid-43a725be\"><div class=\"is-grid o-posts-grid-columns-3\"><div class=\"o-posts-grid-post-blog o-posts-grid-post-plain\"><div class=\"o-posts-grid-post\"><div class=\"o-posts-grid-post-body is-full\"><span class=\"o-posts-grid-post-category\"><a href=\"https:\/\/niraakademi.com\/index.php\/category\/makaleler\/\">Makaleler<\/a><\/span><h4 class=\"o-posts-grid-post-title\"><a href=\"https:\/\/niraakademi.com\/index.php\/2024\/09\/04\/blog\/\">\u0130\u015fletme K\u00f6rl\u00fc\u011f\u00fc (S\u0130LO)<\/a><\/h4><p class=\"o-posts-grid-post-meta\">Posted on <time datetime=\"2024-09-04T13:59:39+00:00\">September 4, 2024<\/time> by <a href=\"https:\/\/niraakademi.com\/index.php\/author\/admin_rxtlbhvv\/\">admin<\/a><\/p><div class=\"o-posts-grid-post-description\"><p>Modern i\u015f d\u00fcnyas\u0131nda, i\u015fletme k\u00f6rl\u00fc\u011f\u00fc veya silo mentalitesi, departmanlar aras\u0131 i\u015fbirli\u011finin eksikli\u2026<\/p><\/div><\/div><\/div><\/div><div class=\"o-posts-grid-post-blog o-posts-grid-post-plain\"><div class=\"o-posts-grid-post\"><div class=\"o-posts-grid-post-body is-full\"><span class=\"o-posts-grid-post-category\"><a href=\"https:\/\/niraakademi.com\/index.php\/category\/makaleler\/\">Makaleler<\/a><\/span><h4 class=\"o-posts-grid-post-title\"><a href=\"https:\/\/niraakademi.com\/index.php\/2025\/02\/25\/noropazarlama-beynimizin-derinliklerinde-tuketici-davranislarini-anlamak\/\">N\u00f6ropazarlama, Beynimizin Derinliklerinde T\u00fcketici Davran\u0131\u015flar\u0131n\u0131 Anlamak<\/a><\/h4><p class=\"o-posts-grid-post-meta\">Posted on <time datetime=\"2025-02-25T18:29:55+00:00\">February 25, 2025<\/time> by <a href=\"https:\/\/niraakademi.com\/index.php\/author\/admin_rxtlbhvv\/\">admin<\/a><\/p><div class=\"o-posts-grid-post-description\"><p>Pazarlama d\u00fcnyas\u0131, t\u00fcketicilerin sat\u0131n alma kararlar\u0131n\u0131 etkileyen fakt\u00f6rleri anlamak ve bu bilgileri\u2026<\/p><\/div><\/div><\/div><\/div><div class=\"o-posts-grid-post-blog o-posts-grid-post-plain\"><div class=\"o-posts-grid-post\"><div class=\"o-posts-grid-post-body is-full\"><span class=\"o-posts-grid-post-category\"><a href=\"https:\/\/niraakademi.com\/index.php\/category\/makaleler\/\">Makaleler<\/a><\/span><h4 class=\"o-posts-grid-post-title\"><a href=\"https:\/\/niraakademi.com\/index.php\/2024\/09\/07\/marka-bir-isimden-fazlasi-detayli-bir-analiz\/\">Marka: Bir \u0130simden Fazlas\u0131, Detayl\u0131 Bir Analiz<\/a><\/h4><p class=\"o-posts-grid-post-meta\">Posted on <time datetime=\"2024-09-07T16:04:08+00:00\">September 7, 2024<\/time> by <a href=\"https:\/\/niraakademi.com\/index.php\/author\/admin_rxtlbhvv\/\">admin<\/a><\/p><div class=\"o-posts-grid-post-description\"><p>G\u00fcn\u00fcm\u00fcz\u00fcn k\u00fcreselle\u015fen ve dijitalle\u015fen d\u00fcnyas\u0131nda, t\u00fcketicilere sunulan \u00fcr\u00fcn ve hizmet \u00e7e\u015fitlili\u011fi h\u2026<\/p><\/div><\/div><\/div><\/div><div class=\"o-posts-grid-post-blog o-posts-grid-post-plain\"><div class=\"o-posts-grid-post\"><div class=\"o-posts-grid-post-body is-full\"><span class=\"o-posts-grid-post-category\"><a href=\"https:\/\/niraakademi.com\/index.php\/category\/makaleler\/\">Makaleler<\/a><\/span><h4 class=\"o-posts-grid-post-title\"><a href=\"https:\/\/niraakademi.com\/index.php\/2024\/09\/06\/satislari-artirmanin-gizli-anahtari\/\">Sat\u0131\u015flar\u0131 Art\u0131rman\u0131n Gizli Anahtar\u0131<\/a><\/h4><p class=\"o-posts-grid-post-meta\">Posted on <time datetime=\"2024-09-06T20:57:19+00:00\">September 6, 2024<\/time> by <a href=\"https:\/\/niraakademi.com\/index.php\/author\/admin_rxtlbhvv\/\">admin<\/a><\/p><div class=\"o-posts-grid-post-description\"><p>1. \u0130lk \u0130zlenimin G\u00fcc\u00fc: G\u00f6rsel sunum, bir \u00fcr\u00fcn veya hizmetin t\u00fcketiciler \u00fczerindeki ilk izlenimini ol\u2026<\/p><\/div><\/div><\/div><\/div><div class=\"o-posts-grid-post-blog o-posts-grid-post-plain\"><div class=\"o-posts-grid-post\"><div class=\"o-posts-grid-post-body is-full\"><span class=\"o-posts-grid-post-category\"><a href=\"https:\/\/niraakademi.com\/index.php\/category\/makaleler\/\">Makaleler<\/a><\/span><h4 class=\"o-posts-grid-post-title\"><a href=\"https:\/\/niraakademi.com\/index.php\/2024\/09\/05\/duyusal-pazarlama\/\">Duyusal Pazarlama<\/a><\/h4><p class=\"o-posts-grid-post-meta\">Posted on <time datetime=\"2024-09-05T16:08:35+00:00\">September 5, 2024<\/time> by <a href=\"https:\/\/niraakademi.com\/index.php\/author\/admin_rxtlbhvv\/\">admin<\/a><\/p><div class=\"o-posts-grid-post-description\"><p>Duyular\u0131n Kararlar\u0131m\u0131za Y\u00f6n Vermesi: Bilimsel Bir Bak\u0131\u015f \u0130nsan, karma\u015f\u0131k bir varl\u0131k olarak, d\u00fcnyay\u0131 a\u2026<\/p><\/div><\/div><\/div><\/div><\/div> <\/div>","protected":false},"excerpt":{"rendered":"","protected":false},"author":1,"featured_media":0,"parent":0,"menu_order":0,"comment_status":"closed","ping_status":"closed","template":"","meta":{"_themeisle_gutenberg_block_has_review":false,"footnotes":""},"class_list":["post-115","page","type-page","status-publish","hentry"],"_links":{"self":[{"href":"https:\/\/niraakademi.com\/index.php\/wp-json\/wp\/v2\/pages\/115","targetHints":{"allow":["GET"]}}],"collection":[{"href":"https:\/\/niraakademi.com\/index.php\/wp-json\/wp\/v2\/pages"}],"about":[{"href":"https:\/\/niraakademi.com\/index.php\/wp-json\/wp\/v2\/types\/page"}],"author":[{"embeddable":true,"href":"https:\/\/niraakademi.com\/index.php\/wp-json\/wp\/v2\/users\/1"}],"replies":[{"embeddable":true,"href":"https:\/\/niraakademi.com\/index.php\/wp-json\/wp\/v2\/comments?post=115"}],"version-history":[{"count":14,"href":"https:\/\/niraakademi.com\/index.php\/wp-json\/wp\/v2\/pages\/115\/revisions"}],"predecessor-version":[{"id":354,"href":"https:\/\/niraakademi.com\/index.php\/wp-json\/wp\/v2\/pages\/115\/revisions\/354"}],"wp:attachment":[{"href":"https:\/\/niraakademi.com\/index.php\/wp-json\/wp\/v2\/media?parent=115"}],"curies":[{"name":"wp","href":"https:\/\/api.w.org\/{rel}","templated":true}]}}